+ 21/5. Let c be d(j). Let w be (2/(-7))/((-3)/168). What is the highest common divisor of w and c?
4
Suppose -5*f + 50*c - 48*c + 48 = 0, 4*c + 24 = f. What is the highest common factor of f and 4280?
8
Let z = 583 + -187. Let v = -255 + z. Suppose 0 = 4*g + 2*x - 182, -g - 4*x + 10 = -25. Calculate the greatest common divisor of g and v.
47
Let m(v) = -20*v - 411. Let s be m(13). Let n = -545 - s. What is the highest common factor of 72 and n?
18
Suppose -205*u = -200*u - 1390. Let t = 323 - u. What is the highest common divisor of 40 and t?
5
Let l be 1115 - (-3 - 0*(6 + -12 + 7)). What is the highest common divisor of 156 and l?
26
Suppose 0 = -3*r - 6, 0 = l - 0*l + 4*r - 982. Suppose u - 2*v - 10 = 0, 85*v = 4*u + 83*v - 40. What is the greatest common factor of u and l?
10
Suppose 95*u + 101*u - 187*u - 360 = 0. What is the greatest common factor of u and 145?
5
Let w be 121/5 - 21/105. Suppose -7*b + 247 = -2441. Calculate the greatest common divisor of w and b.
24
Suppose -134*b + 57*b + 830984 = 0. Calculate the highest common factor of b and 152.
152
Suppose 19*y - 18*y + 23 = 0. Let k = 33 + y. Let g be (12 + (-6)/3)/((-1)/(-8)). Calculate the greatest common factor of g and k.
10
Let q be 2/5 - 673/(-5). Suppose 0 = -1100*w + 1943*w - 30348. Calculate the highest common divisor of q and w.
9
Suppose 0 = -2*c - 6*d + 72, -152 = 54*c - 56*c + 4*d. Calculate the highest common divisor of c and 1100.
20
Let l be (1 - -25) + (-24)/16*1*2. Suppose 277 = 3*w - 1724. Calculate the greatest common factor of l and w.
23
Let t = 17436 + -11333. What is the highest common factor of t and 17?
17
Let x be 8/4 - -82*2/(-4). Let d = x + 55. What is the highest common factor of d and 104?
8
Let h be 1 - ((0 - 0/(-2)) + 16). Let r be 9/(-6)*80/h. Let g = 36 - -4. What is the greatest common divisor of g and r?
8
Let i = 918 + -78. Suppose -3*z + i = 17*z. Let o be 9/15 + 67/5. Calculate the greatest common factor of z and o.
14
Suppose -23*a + 18*a + 665 = -3*r, -549 = -4*a - r. What is the greatest common factor of 248 and a?
8
Let f = -31 - -19. Let a be (f/18)/((-4)/(-114)). Let s be (a/57)/(25/(-12) + 2). What is the highest common divisor of s and 1?
1
Suppose -610 = -7*p + 90. Let u = 123 - p. Calculate the greatest common factor of u and 69.
23
Let b(r) = r**2 - 4*r - 34. Let w be b(16). Let t = w + -66. Suppose 0 = 2*o + t - 220. What is the greatest common divisor of 8 and o?
8
Let g = -16 - -58. Let a be (-198)/g - -5 - (-2376)/14. What is the greatest common divisor of 68 and a?
34
Let o = -35254 - -35377. Calculate the greatest common factor of 51168 and o.
123
Suppose -4*h + 4*j + 392 = 0, -352 = 18*h - 20*h - 11*j. Suppose -4*d = 5*q - 112, -q - 3*d + 5*d + 14 = 0. Calculate the highest common factor of h and q.
10
Suppose -5*d - 3*t - 894 = 0, 4*t - 3 = d + 162. Let a = 189 + d. Calculate the greatest common divisor of 42 and a.
6
Let i be 5*(-5)/75 - 2866/6. Let n = i - -830. What is the greatest common factor of 32 and n?
32
Let f = -10121 - -10139. Let g = -54 + 63. Calculate the highest common factor of f and g.
9
Let k = -8952 + 8972. Let m = 6 - 3. Suppose -4*q = k, -3*t + 24 = -m*q - 18. Calculate the highest common factor of t and 72.
9
Suppose 7648 = -171*w + 174*w + 5*u, -w - 2*u + 2551 = 0. Calculate the greatest common factor of w and 308.
77
Let t(c) = -2*c - 3*c + 7 - 1 - 4. Let h be t(1). Let b be (h + 5/2)/((-1)/26). What is the greatest common divisor of 13 and b?
13
Suppose 37*z = 1952 + 1711. Suppose -4*t + 3*t + 11 = 0. Calculate the greatest common factor of z and t.
11
Suppose 4191620 = 467*f - 4989600. Calculate the greatest common divisor of 30 and f.
10
Suppose 1598*w - 10 = 1593*w. Calculate the highest common divisor of 262 and w.
2
Let r(u) = 48*u - 394. Let l be r(8). Let p be 5*8*l/(-200). What is the greatest common divisor of p and 26?
2
Suppose 189*d - 196*d = -182. Calculate the greatest common divisor of d and 260.
26
Let o be 4*(-2 + ((-12)/(-8) - -1)). Suppose -108 = 4*p - 7*p. Let h be p/6*(23/6 + -3). Calculate the greatest common divisor of o and h.
1
Suppose 40*d = -281*d + 6741. What is the greatest common divisor of 231 and d?
21
Let x be (6/21 - (-32)/(-14)) + 214. Calculate the greatest common divisor of 53 and x.
53
Let b = 1 + 3. Suppose -456 = -b*g + 536. Let m be 3/(-27*1) + 7280/234. Calculate the greatest common divisor of g and m.
31
Suppose 0 = 4*z - 3*x - 869, 4*z - 4*x = -z + 1087. Let y = -181 + z. What is the highest common divisor of 153 and y?
17
Let u = 7941 + -3144. Suppose -14*z = -u - 9539. Calculate the highest common divisor of 32 and z.
32
Let r be 99 + -91 - (3 + 2 + -3 - 3786). Calculate the greatest common divisor of 336 and r.
48
Suppose 4*v - 95 = 209. Suppose -6*r + v = -32. Suppose 4*w = 13 + 23. What is the highest common divisor of r and w?
9
Suppose 6*z + 3442 = -284. Let i = z + 746. Calculate the highest common factor of i and 15.
5
Let d(y) = 3*y**2 + 6*y + 3. Let c be d(-6). Let f = c - 33. Let v(g) = g**2 - 5*g - 10. Let h be v(8). Calculate the greatest common factor of h and f.
14
Let o(r) be the second derivative of r**3/6 - 9*r**2/2 + 2*r + 5. Let f be o(19). Calculate the greatest common factor of f and 35.
5
Let q(j) = 35*j - 52. Let l be q(2). Calculate the greatest common factor of 639 and l.
9
Let b(t) = 2*t**3 - 7*t**2 + t - 47. Let s be b(5). What is the greatest common divisor of s and 638?
11
Suppose 4*y - 22 = 2*y - 3*l, -2*y + 2*l = -12. Let d be (28/y)/(1/(1*12)). Let w = -27 - -55. Calculate the greatest common factor of w and d.
14
Let o = 9740 + -9543. Calculate the greatest common factor of 3 and o.
1
Let r(a) = -a**2 + 24*a - 38. Let z be r(22). Let b(f) = 17*f - 78. Let j be b(z). What is the highest common factor of 24 and j?
24
Let p(s) = -5*s**2 + 8*s + 4. Suppose 5*q + 35 = v, -q + 4*v + 0 - 26 = 0. Let a be p(q). Let w = -112 - a. Calculate the greatest common divisor of 14 and w.
14
Suppose -5*u - 10 - 35 = 0. Let z(d) = -8*d - 49. Let f be z(u). What is the highest common divisor of 23 and f?
23
Let l be 7714/70 - (-2)/(-10). Suppose -2*q - 5*a = -301, a - 186 = -2*q + 103. What is the highest common factor of q and l?
11
Suppose 15*z = 12*z + 246. Let h = z - 46. Suppose -h*u - 1 = -37*u. Calculate the greatest common factor of u and 3.
1
Let n be 720/21 - (-4)/(-14). Suppose -175 = -9*x - 22. Calculate the greatest common divisor of x and n.
17
Let u(i) = -i**2 + 83*i - 73. Let d be u(67). Calculate the greatest common factor of d and 27.
27
Suppose 0 = -5*y + 4*j + 338, -2*y + 5*j + 32 + 93 = 0. Let v be 12/10*y*(-5)/(-4). Calculate the highest common factor of 120 and v.
15
Let k be (0 - 2)/(32/(-560)). Let i = 37 - k. Suppose 4*s = w + i*s - 34, 100 = 4*w + s. Calculate the highest common factor of w and 39.
13
Suppose -2*k + 31*k - 16*k - 130 = 0. Calculate the highest common divisor of k and 290.
10
Suppose 31*f - 32*f + 8448 = -3*x, x = -2*f + 16896. What is the highest common divisor of 96 and f?
96
Suppose 9*t - 82 = 8. Let x be ((-4)/5)/((-23)/2300). Calculate the greatest common factor of t and x.
10
Suppose -u + 149 = -j, 739 = 5*u - 5*j + 6*j. Let r be (-12)/4 + u - 5. What is the greatest common factor of r and 56?
28
Let v(y) = 3*y**2 + 13*y + 20. Let h(j) = -6*j**2 - 25*j - 41. Let b(r) = -6*h(r) - 11*v(r). Let k be b(-5). What is the highest common divisor of 110 and k?
22
Suppose 3*a - 5*k - 42 = 0, -14*k - 70 = -4*a - 12*k. Suppose a*h = 476 + 721. What is the highest common divisor of h and 7?
7
Let p(k) = -k**2 - 29*k + 22. Let g be p(-29). What is the greatest common divisor of 6226 and g?
22
Let h(d) = -23 - 7 - d**2 + 8 - 4*d**2 - 11*d. Let m be h(-7). Let w = 63 - m. What is the greatest common divisor of w and 23?
23
Let j = -502 - -606. Suppose 10*z - 30 = 5*z. Let n be 2/z*0 + 13. Calculate the highest common divisor of n and j.
13
Let q be (-87)/(-1) + (22 - (35 + -17)). What is the greatest common divisor of q and 143?
13
Let l = 5818 + 8530. Calculate the highest common factor of l and 68.
68
Suppose 59*z + 37*z - 2800 = -4*z. What is the highest common divisor of 3374 and z?
14
Let g(v) = -42 - 27*v - 44*v - 29*v + v**2 + 106*v - 26*v. Let k be g(22). Calculate the greatest common factor 